when p(3) is divided by l?
10
Let b be (-24)/(-6) - (-26)/1. Let w = 38 - b. Calculate the remainder when 45 is divided by w.
5
Let q(o) = -3*o - 6. Let a be q(-4). Let w(d) = d - 2. Let h be w(a). Suppose b - 22 = h*c, -2*b - 2*c - 6 = -0*b. What is the remainder when 6 is divided by b?
0
Let l(a) = -a**2 - 16*a - 8. Let y = 20 - 36. Let t be l(y). Calculate the remainder when 40/(-16)*(t + 2) is divided by 9.
6
Let k(v) = -2*v**3 - 19*v**2 + 30*v - 5. What is the remainder when k(-11) is divided by 9?
1
Let s(k) = -36*k + 2310. Calculate the remainder when (-4)/10*55/(-1) is divided by s(64).
4
Let o = 1818 - 1781. What is the remainder when 219 is divided by o?
34
Let o(q) = q**3 + 8*q**2 + 6*q - 3. Let d be o(-5). Let r = d + -24. Let w = r - 9. Calculate the remainder when 25 is divided by w.
7
Let a(u) = 2*u**2 + 15*u. Let c be a(-10). Suppose -o = -1 - c. Suppose 0 = m - 3*m - b + o, -b = -m + 24. Calculate the remainder when m is divided by 7.
4
Let m(l) = l + 4. Let g be m(-13). Let y(d) = -d**3 - 8*d**2 + 6*d - 7. What is the remainder when y(g) is divided by 11?
9
Suppose 4*n - 80 = k - 3*k, -5*n - 5*k + 105 = 0. Suppose c - 2*v = -v - 42, -5*c = 2*v + 217. Let s = c - -53. What is the remainder when n is divided by s?
9
Let g be ((-78)/(-12))/(1/2). Let y = -13 + g. Suppose -z - 2*z + 48 = y. What is the remainder when 77 is divided by z?
13
Let b(q) = 9*q - 24. Let o(l) = 9*l - 1. Let a be 14/42 + (-2)/(-3). Calculate the remainder when b(6) is divided by o(a).
6
Suppose -79 - 17 = -8*f. Suppose 3*w - 80 = -2*p, 5*p = 3*w + 222 - 64. Calculate the remainder when p is divided by f.
10
Let c be 131 + 5/(-3 - 2). Let q = c + -92. Calculate the remainder when q is divided by 11.
5
Let v(i) = 6*i. Let g(h) = -h**2 + h - 1. Let o be g(0). Let y be v(o). What is the remainder when 65 is divided by (y/(-3) - 36)/(-2)?
14
Let o be (-55)/2*(5 + -7). Suppose 0 = q - o - 14. Calculate the remainder when q is divided by 14.
13
Let v = 244 + -207. Calculate the remainder when 132 is divided by v.
21
Let m(f) = f + 13. Let y be m(-11). Suppose y*o - 7 - 7 = 0. Let i = -182 - -184. Calculate the remainder when o is divided by i.
1
Let f = 41 - 93. Let b be 3/3 + 0 - f. Let g = 100 - b. What is the remainder when g is divided by 16?
15
Suppose 2*p = 4*d + 14 + 4, -4*p - d + 36 = 0. Suppose 8*k - 18 = p*k. What is the remainder when k*(4 + (-14)/3) is divided by 4?
0
What is the remainder when 52 is divided by 6/(-57) + 2321/209?
8
Let s(t) = -6*t + 1. Calculate the remainder when 188 is divided by s(-4).
13
Let l = 183 + -143. What is the remainder when 238 is divided by l?
38
Suppose 2*l + 0 = 8. Suppose -5*q + l*q + 24 = 0. What is the remainder when 138*((-7)/(126/(-96)) - 5) is divided by q?
22
Suppose 109*c - 83 = 26*c. What is the remainder when 1 is divided by c?
0
Suppose 1599 = 56*z - 15*z. Suppose 19 = 3*i - 4*p, 2*i + 4*p - 17 = i. What is the remainder when z is divided by i?
3
Calculate the remainder when 942*-9*8/(-108) is divided by 105.
103
Suppose 0 = -5*r + 3*m + 163, 4*r + 2*m = -2*m + 156. Suppose -b + r = 5*z, -b + 6*z - 1 = 2*z. Let c = -4 + 61. What is the remainder when c is divided by b?
12
Let b = -959 - -1201. What is the remainder when b is divided by 74?
20
Suppose -6*q + 365 = -223. What is the remainder when q is divided by 11?
10
Let b = 1811 + -1785. What is the remainder when 544 is divided by b?
24
Suppose 10*t + 78 = 4*t. Let q = 4 - 6. What is the remainder when 51 is divided by (-236)/t + q/13?
15
Suppose 6*r + 20 = 98. Let y(i) = 3*i - 32. Let q be y(r). Suppose 8*s - 20 = q*s. Calculate the remainder when 59 is divided by s.
19
Suppose -3*w + 54 = w - 2*s, 0 = 4*s + 4. Let b(k) = k**3 - 13*k**2 + 3*k - 10. Calculate the remainder when 84 is divided by b(w).
26
Calculate the remainder when 4956/(-8)*20/(-35) is divided by 21.
18
Let t(j) = j**2 + 5*j + 54*j**3 - 4 + 6*j - 7*j. Calculate the remainder when t(1) is divided by 8.
7
Suppose -2*l = 3*u - 25, 0 = -3*l + 3*u + 13 + 17. Let g(v) = -35*v + 30. Calculate the remainder when g(0) is divided by l.
8
Suppose 0 = 4*j - 4, -j - 80 = -2*y - 3*j. Let d = -6 - -27. What is the remainder when y is divided by d?
18
Let c(t) = 5*t**2 + 2*t. Let v(q) = q. Let j(u) = 2*c(u) - 4*v(u). What is the remainder when 59 is divided by j(-1)?
9
Let z(n) = -2*n**2 + 6*n + 41. Calculate the remainder when (1 - 7)/(4/(-50)) is divided by z(0).
34
Suppose 4*s - 4*l = 71 + 37, 2*l = -3*s + 71. Suppose 8*q - s = 63. Calculate the remainder when 21 is divided by q.
10
Suppose 1 = -4*p + 13. Suppose 0 = -5*b + p*b - 48. Let f = b - -34. Calculate the remainder when 19 is divided by f.
9
Let c be (-2)/(-3)*(-75)/10. Let y be 10 + -1 + 10/c. Let u(z) = 2*z - 8. What is the remainder when 10 is divided by u(y)?
4
Let k = -27 + 91. Let d = k + -41. Calculate the remainder when 68 is divided by d.
22
Let d = 10 + -10. Let n be (2/(-1))/(-1 - d). Let f(c) = 4*c**2 - c - 2. Calculate the remainder when 33 is divided by f(n).
9
Suppose -g + 180 = -3*g. What is the remainder when 20/g + (-922)/(-18) is divided by (1*3)/(704/(-104) + 7)?
12
Let m = 24 + -10. Suppose 35 + 85 = 3*h. Calculate the remainder when h is divided by m.
12
Let y = -176 - -177. What is the remainder when 1 is divided by y?
0
Suppose 3*l = 2*l. Suppose x + x - 3*r - 47 = 0, l = 4*r + 20. Suppose 0 = x*d - 11*d - 255. Calculate the remainder when d is divided by 13.
12
Let a = -19 - -32. Let t = 580 - 220. Suppose 0 = -42*m + 32*m + t. Calculate the remainder when m is divided by a.
10
Let c be (-342)/(-30) - 3*(-2)/(-15). Suppose 3*z = 28 + c. Suppose 0*q - 8 = -2*q. What is the remainder when z is divided by q?
1
Let m(d) = -2*d - 6. Let c be m(0). What is the remainder when 48 is divided by 2 - (2 + -1) - c?
6
Suppose -5*o = -2*z + 19, -5*o + 29 + 0 = 2*z. Calculate the remainder when 43 is divided by z.
7
Let t(f) = 15*f**2 + 44*f + 109. What is the remainder when 1005 is divided by t(-3)?
109
Let n = -45 + 15. What is the remainder when 21 is divided by (-4)/5*n/4?
3
Suppose 748 = 5*f + 538. Calculate the remainder when 67 is divided by f.
25
Suppose 3*b - 30 = -3*z - 0*b, z = 3*b + 26. Let f = -29 + 17. What is the remainder when 0 - 7/(z/f) is divided by 4?
2
Let z(d) = d**3 + 5*d**2 - 5*d - 2. Let y be z(-5). Let r = 334 + -305. Suppose 2*w = r + y. What is the remainder when 50 is divided by w?
24
Suppose -12*g = -13*g + 37. Suppose 4*j - 601 = -5*v, 2*v = 5*j + v - 715. What is the remainder when j is divided by g?
33
Let b = -403 - -466. What is the remainder when 376 is divided by b?
61
Let s(x) = -6*x + 1. Calculate the remainder when 103 is divided by s(-6).
29
Let u(n) = -n**2 - 19*n - 81. What is the remainder when 43 is divided by u(-9)?
7
Suppose 4*o - 20 = -u + 233, 3*o + 5*u - 211 = 0. What is the remainder when o is divided by 23?
16
Suppose 0 = 5*o + r - 98 - 5, -5*r = -4*o + 65. Let p = o + 5. What is the remainder when 99 is divided by p?
24
Suppose -4*p = 3*m + 36, -5*p + 4*m + 10 = -4*p. Let g(o) = -2*o + 5. Let h(s) = 1. Let i(z) = g(z) - h(z). Calculate the remainder when 29 is divided by i(p).
13
Let d be -5 - (0 - -2)*-1 - -1011. Suppose 12*x = -6*x + d. What is the remainder when x is divided by 29?
27
Suppose -11*c = 246 - 1951. Calculate the remainder when c is divided by 16.
11
Let t = -98 + 125. What is the remainder when t is divided by 3/((-3)/4) - -9?
2
Suppose -4*f - 28 = 116. Let c = 67 + f. Calculate the remainder when c is divided by 16.
15
Let q be (13 + -1)*(-4)/6. Let y = 18 + q. What is the remainder when 17 is divided by y?
7
Let c be 10/(-20) + (-10)/(-4). Let o be (-3)/c*(-10)/3. Suppose o*g = -i + 34, -5*i + 116 = -2*g + 27. What is the remainder when 54 is divided by i?
16
Let v(a) = 32*a + 76. Calculate the remainder when v(4) is divided by 69.
66
Let g(y) be the first derivative of 2*y**3/3 - y**2 - 15*y + 20. Calculate the remainder when g(4) is divided by 3.
0
Let r(l) = 4*l**3 - 28*l**2 + 3*l + 7. Let f = -3 - -6. Suppose f*z + z - 44 = 0. What is the remainder when r(7) is divided by z?
6
Let d(m) = m**2 - 2*m - 3. Let t be d(-2). Suppose -3*u + 283 = -0*u - 2*p, -t*u + 5*p + 470 = 0. What is the remainder when u is divided by 32?
31
Let x(y) = -2*y - 2. Let n